{"version":"1.0","provider_name":"BeHome Mallorca","provider_url":"https:\/\/www.behome-mallorca.com\/de\/","author_name":"Marcus M\u00f6ller","author_url":"https:\/\/www.behome-mallorca.com\/de\/author\/potsdamwebdesign-de\/","title":"Fr\u00fchlingserwachen auf der Insel - BeHome Mallorca","type":"rich","width":600,"height":338,"html":"<blockquote class=\"wp-embedded-content\" data-secret=\"cIIoEyEMjp\"><a href=\"https:\/\/www.behome-mallorca.com\/de\/fruehlingserwachen-auf-der-insel\/\">Fr\u00fchlingserwachen auf der Insel<\/a><\/blockquote><iframe sandbox=\"allow-scripts\" security=\"restricted\" src=\"https:\/\/www.behome-mallorca.com\/de\/fruehlingserwachen-auf-der-insel\/embed\/#?secret=cIIoEyEMjp\" width=\"600\" height=\"338\" title=\"&#8222;Fr\u00fchlingserwachen auf der Insel&#8220; &#8211; BeHome Mallorca\" data-secret=\"cIIoEyEMjp\" frameborder=\"0\" marginwidth=\"0\" marginheight=\"0\" scrolling=\"no\" class=\"wp-embedded-content\"><\/iframe><script type=\"text\/javascript\">\n\/* <![CDATA[ *\/\n\/*! This file is auto-generated *\/\n!function(d,l){\"use strict\";l.querySelector&&d.addEventListener&&\"undefined\"!=typeof URL&&(d.wp=d.wp||{},d.wp.receiveEmbedMessage||(d.wp.receiveEmbedMessage=function(e){var t=e.data;if((t||t.secret||t.message||t.value)&&!\/[^a-zA-Z0-9]\/.test(t.secret)){for(var s,r,n,a=l.querySelectorAll('iframe[data-secret=\"'+t.secret+'\"]'),o=l.querySelectorAll('blockquote[data-secret=\"'+t.secret+'\"]'),c=new RegExp(\"^https?:$\",\"i\"),i=0;i<o.length;i++)o[i].style.display=\"none\";for(i=0;i<a.length;i++)s=a[i],e.source===s.contentWindow&&(s.removeAttribute(\"style\"),\"height\"===t.message?(1e3<(r=parseInt(t.value,10))?r=1e3:~~r<200&&(r=200),s.height=r):\"link\"===t.message&&(r=new URL(s.getAttribute(\"src\")),n=new URL(t.value),c.test(n.protocol))&&n.host===r.host&&l.activeElement===s&&(d.top.location.href=t.value))}},d.addEventListener(\"message\",d.wp.receiveEmbedMessage,!1),l.addEventListener(\"DOMContentLoaded\",function(){for(var e,t,s=l.querySelectorAll(\"iframe.wp-embedded-content\"),r=0;r<s.length;r++)(t=(e=s[r]).getAttribute(\"data-secret\"))||(t=Math.random().toString(36).substring(2,12),e.src+=\"#?secret=\"+t,e.setAttribute(\"data-secret\",t)),e.contentWindow.postMessage({message:\"ready\",secret:t},\"*\")},!1)))}(window,document);\n\/\/# sourceURL=https:\/\/www.behome-mallorca.com\/wp-includes\/js\/wp-embed.min.js\n\/* ]]> *\/\n<\/script>\n","thumbnail_url":"https:\/\/www.behome-mallorca.com\/wp-content\/uploads\/2018\/04\/e8733255-8aa5-4ef9-8780-6a924000c96c.jpg","thumbnail_width":600,"thumbnail_height":419,"description":"Hallo Ihr Lieben, K\u00f6nnt ihr es auch schon f\u00fchlen, die ersten Sonnenstrahlen, der frische Duft der Blumen, die Meeresbrise? Jetzt erwacht die Insel wieder aus dem Winterschlaf. F\u00fcr uns, eine der sch\u00f6nsten Jahreszeiten auf Mallorca. Diese Zeit bringt auch wieder viele Sportbegeisterte auf die Insel. Mit dem Fr\u00fchling hat auch die Sportsaison begonnen. Radfahren, Segeln, [&hellip;]"}

Marcus Möller

Frühlingserwachen auf der Insel - BeHome Mallorca

<blockquote class="wp-embedded-content" data-secret="cIIoEyEMjp"><a href="https://www.behome-mallorca.com/de/fruehlingserwachen-auf-der-insel/">Frühlingserwachen auf der Insel</a></blockquote><iframe sandbox="allow-scripts" security="restricted" src="https://www.behome-mallorca.com/de/fruehlingserwachen-auf-der-insel/embed/#?secret=cIIoEyEMjp" width="600" height="338" title="&#8222;Frühlingserwachen auf der Insel&#8220; &#8211; BeHome Mallorca" data-secret="cIIoEyEMjp" frameborder="0" marginwidth="0" marginheight="0" scrolling="no" class="wp-embedded-content"></iframe><script type="text/javascript">
/* <![CDATA[ */
/*! This file is auto-generated */
!function(d,l){"use strict";l.querySelector&&d.addEventListener&&"undefined"!=typeof URL&&(d.wp=d.wp||{},d.wp.receiveEmbedMessage||(d.wp.receiveEmbedMessage=function(e){var t=e.data;if((t||t.secret||t.message||t.value)&&!/[^a-zA-Z0-9]/.test(t.secret)){for(var s,r,n,a=l.querySelectorAll('iframe[data-secret="'+t.secret+'"]'),o=l.querySelectorAll('blockquote[data-secret="'+t.secret+'"]'),c=new RegExp("^https?:$","i"),i=0;i<o.length;i++)o[i].style.display="none";for(i=0;i<a.length;i++)s=a[i],e.source===s.contentWindow&&(s.removeAttribute("style"),"height"===t.message?(1e3<(r=parseInt(t.value,10))?r=1e3:~~r<200&&(r=200),s.height=r):"link"===t.message&&(r=new URL(s.getAttribute("src")),n=new URL(t.value),c.test(n.protocol))&&n.host===r.host&&l.activeElement===s&&(d.top.location.href=t.value))}},d.addEventListener("message",d.wp.receiveEmbedMessage,!1),l.addEventListener("DOMContentLoaded",function(){for(var e,t,s=l.querySelectorAll("iframe.wp-embedded-content"),r=0;r<s.length;r++)(t=(e=s[r]).getAttribute("data-secret"))||(t=Math.random().toString(36).substring(2,12),e.src+="#?secret="+t,e.setAttribute("data-secret",t)),e.contentWindow.postMessage({message:"ready",secret:t},"*")},!1)))}(window,document);
//# sourceURL=https://www.behome-mallorca.com/wp-includes/js/wp-embed.min.js
/* ]]> */
</script>

Hallo Ihr Lieben, Könnt ihr es auch schon fühlen, die ersten Sonnenstrahlen, der frische Duft der Blumen, die Meeresbrise? Jetzt erwacht die Insel wieder aus dem Winterschlaf. Für uns, eine der schönsten Jahreszeiten auf Mallorca. Diese Zeit bringt auch wieder viele Sportbegeisterte auf die Insel. Mit dem Frühling hat auch die Sportsaison begonnen. Radfahren, Segeln, [&hellip;]
