{"version":"1.0","provider_name":"BeHome Mallorca","provider_url":"https:\/\/www.behome-mallorca.com\/de\/","author_name":"Marcus M\u00f6ller","author_url":"https:\/\/www.behome-mallorca.com\/de\/author\/potsdamwebdesign-de\/","title":"Traditionelles Picknick auf den Felsen - BeHome Mallorca","type":"rich","width":600,"height":338,"html":"<blockquote class=\"wp-embedded-content\" data-secret=\"JUtcWpu7cN\"><a href=\"https:\/\/www.behome-mallorca.com\/de\/traditionelles-picknick-auf-den-felsen\/\">Traditionelles Picknick auf den Felsen<\/a><\/blockquote><iframe sandbox=\"allow-scripts\" security=\"restricted\" src=\"https:\/\/www.behome-mallorca.com\/de\/traditionelles-picknick-auf-den-felsen\/embed\/#?secret=JUtcWpu7cN\" width=\"600\" height=\"338\" title=\"&#8222;Traditionelles Picknick auf den Felsen&#8220; &#8211; BeHome Mallorca\" data-secret=\"JUtcWpu7cN\" frameborder=\"0\" marginwidth=\"0\" marginheight=\"0\" scrolling=\"no\" class=\"wp-embedded-content\"><\/iframe><script type=\"text\/javascript\">\n\/* <![CDATA[ *\/\n\/*! This file is auto-generated *\/\n!function(d,l){\"use strict\";l.querySelector&&d.addEventListener&&\"undefined\"!=typeof URL&&(d.wp=d.wp||{},d.wp.receiveEmbedMessage||(d.wp.receiveEmbedMessage=function(e){var t=e.data;if((t||t.secret||t.message||t.value)&&!\/[^a-zA-Z0-9]\/.test(t.secret)){for(var s,r,n,a=l.querySelectorAll('iframe[data-secret=\"'+t.secret+'\"]'),o=l.querySelectorAll('blockquote[data-secret=\"'+t.secret+'\"]'),c=new RegExp(\"^https?:$\",\"i\"),i=0;i<o.length;i++)o[i].style.display=\"none\";for(i=0;i<a.length;i++)s=a[i],e.source===s.contentWindow&&(s.removeAttribute(\"style\"),\"height\"===t.message?(1e3<(r=parseInt(t.value,10))?r=1e3:~~r<200&&(r=200),s.height=r):\"link\"===t.message&&(r=new URL(s.getAttribute(\"src\")),n=new URL(t.value),c.test(n.protocol))&&n.host===r.host&&l.activeElement===s&&(d.top.location.href=t.value))}},d.addEventListener(\"message\",d.wp.receiveEmbedMessage,!1),l.addEventListener(\"DOMContentLoaded\",function(){for(var e,t,s=l.querySelectorAll(\"iframe.wp-embedded-content\"),r=0;r<s.length;r++)(t=(e=s[r]).getAttribute(\"data-secret\"))||(t=Math.random().toString(36).substring(2,12),e.src+=\"#?secret=\"+t,e.setAttribute(\"data-secret\",t)),e.contentWindow.postMessage({message:\"ready\",secret:t},\"*\")},!1)))}(window,document);\n\/\/# sourceURL=https:\/\/www.behome-mallorca.com\/wp-includes\/js\/wp-embed.min.js\n\/* ]]> *\/\n<\/script>\n","thumbnail_url":"https:\/\/www.behome-mallorca.com\/wp-content\/uploads\/2018\/07\/newsletter-juli-2018.jpg","thumbnail_width":600,"thumbnail_height":412,"description":"Hallo ihr lieben, Der Juli auf Mallorca steht f\u00fcr ausgiebige Strandtage, gem\u00fctliche Siestas und entspannende Sommerabende mit Blick auf den Sonnenuntergang \u00fcber dem Meer oder bei einem Glas Wein in netter Gesellschaft. In Portocolom ist auch in diesem Monat wieder einiges geboten. Auf jeden Fall solltet ihr einmal das \u201eSopar a penyes\u201c (Abendessen auf den [&hellip;]"}

Marcus Möller

Hallo ihr lieben, Der Juli auf Mallorca steht für ausgiebige Strandtage, gemütliche Siestas und entspannende Sommerabende mit Blick auf den Sonnenuntergang über dem Meer oder bei einem Glas Wein in netter Gesellschaft. In Portocolom ist auch in diesem Monat wieder einiges geboten. Auf jeden Fall solltet ihr einmal das „Sopar a penyes“ (Abendessen auf den [&hellip;]
